{"id":515,"date":"2017-09-13T23:40:55","date_gmt":"2017-09-13T21:40:55","guid":{"rendered":"http:\/\/scheiderwald.de\/wordpress\/?page_id=515"},"modified":"2017-11-08T22:03:24","modified_gmt":"2017-11-08T20:03:24","slug":"vermietung","status":"publish","type":"page","link":"https:\/\/www.scheiderwald.de\/?page_id=515","title":{"rendered":"Vermietung"},"content":{"rendered":"<div class=\"wpb-content-wrapper\"><p>[vc_row][vc_column]<div class=\"fh-section-title clearfix  text-left style-1 version-dark\"><div class=\"container\"><h2>Es gibt einen Anlass zu  <span class=\"main-color\"> feiern?<\/span><\/h2><\/div><\/div>[vc_row_inner][vc_column_inner width=\u201c1\/3\u2033][vc_single_image image=\u201c465\u2033 img_size=\u201clarge\u201c][vc_column_text]Herzlich Willkommen auf der Seite unsere H\u00fcttenvermietung. Hier erlangen Sie eine \u00dcbersicht \u00fcber die M\u00f6glichkeiten, die Sie bei uns erwarten.<\/p>\n<p>Sollten Sie weitere Fragen haben, stehen wir jederzeit per Email oder Telefon f\u00fcr Sie bereit.[\/vc_column_text][\/vc_column_inner][\/vc_row_inner][\/vc_column][\/vc_row][vc_row][vc_column width=\u201c2\/3\u2033][vc_row_inner][vc_column_inner][\/vc_column_inner][\/vc_row_inner]<div class=\"fh-section-title clearfix  text-left style-1 version-dark\"><div class=\"container\"><h2>Bis 50 Personen  <span class=\"main-color\"> H\u00fctte<\/span><\/h2><\/div><\/div>[vc_column_text]Unsere \u201eH\u00fctte\u201c ist eine, an eine Tiroler Almh\u00fctte angelehnte, Location, in der Sie sich zu jeder Jahreszeit wohlf\u00fchlen k\u00f6nnen. Die H\u00fctte besteht aus einem Hauptraum mit Theke, Tischen und St\u00fchlen und einem Anbau, in welchem man, auch im Sommer, sch\u00f6n die Sp\u00e4tabende genie\u00dfen kann.<\/p>\n<p>F\u00fcr die Feiern in der kalten Jahreszeit ist ein Kaminofen verbaut, der wohlige W\u00e4rme spendet und niemanden frieren l\u00e4sst.[\/vc_column_text][\/vc_column][vc_column width=\u201c1\/3\u2033][vc_row_inner][vc_column_inner][\/vc_column_inner][\/vc_row_inner][vc_single_image image=\u201c537\u2033 img_size=\u201cmedium\u201c][\/vc_column][\/vc_row][vc_row][vc_column width=\u201c2\/3\u2033][vc_row_inner][vc_column_inner][\/vc_column_inner][\/vc_row_inner]<div class=\"fh-section-title clearfix  text-left style-1 version-dark\"><div class=\"container\"><h2>Bis 70 Personen  <span class=\"main-color\"> Tenne<\/span><\/h2><\/div><\/div>[vc_column_text]Unsere Tenne ist eine mittelgro\u00dfe, rustikal gehaltene, Location, in der ohne Weiteres bis zu 70 Personen Platz finden. In der Tenne finden Sie eine Theke und mehrere Sitzgelegenheiten. Angrenzend finden Sie eine K\u00fcche mit gro\u00dfen K\u00fchlschrank, in welcher Sie ihre Speisen aufstellen, oder selbst K\u00f6stlichkeiten zubereiten k\u00f6nnen.<\/p>\n<p>Die Tenne ist auf zwei Etagen aufgebaut. Die Empore erklimmen Sie \u00fcber eine breite Treppe.[\/vc_column_text][vc_empty_space][\/vc_column][vc_column width=\u201c1\/3\u2033][vc_row_inner][vc_column_inner][\/vc_column_inner][\/vc_row_inner][vc_single_image image=\u201c463\u2033 img_size=\u201cmedium\u201c][vc_single_image image=\u201c464\u2033 img_size=\u201cmedium\u201c][\/vc_column][vc_column][\/vc_column][\/vc_row]<\/p>\n<\/div>","protected":false},"excerpt":{"rendered":"<p>[vc_row][vc_column][vc_row_inner][vc_column_inner width=\u201c1\/3\u2033][vc_single_image image=\u201c465\u2033 img_size=\u201clarge\u201c][vc_column_text]Herzlich Willkommen auf der Seite unsere H\u00fcttenvermietung. Hier erlangen Sie&hellip;<\/p>\n","protected":false},"author":2,"featured_media":0,"parent":0,"menu_order":0,"comment_status":"closed","ping_status":"closed","template":"","meta":{"footnotes":""},"class_list":["post-515","page","type-page","status-publish","hentry","no-thumb"],"_links":{"self":[{"href":"https:\/\/www.scheiderwald.de\/index.php?rest_route=\/wp\/v2\/pages\/515","targetHints":{"allow":["GET"]}}],"collection":[{"href":"https:\/\/www.scheiderwald.de\/index.php?rest_route=\/wp\/v2\/pages"}],"about":[{"href":"https:\/\/www.scheiderwald.de\/index.php?rest_route=\/wp\/v2\/types\/page"}],"author":[{"embeddable":true,"href":"https:\/\/www.scheiderwald.de\/index.php?rest_route=\/wp\/v2\/users\/2"}],"replies":[{"embeddable":true,"href":"https:\/\/www.scheiderwald.de\/index.php?rest_route=%2Fwp%2Fv2%2Fcomments&post=515"}],"version-history":[{"count":12,"href":"https:\/\/www.scheiderwald.de\/index.php?rest_route=\/wp\/v2\/pages\/515\/revisions"}],"predecessor-version":[{"id":550,"href":"https:\/\/www.scheiderwald.de\/index.php?rest_route=\/wp\/v2\/pages\/515\/revisions\/550"}],"wp:attachment":[{"href":"https:\/\/www.scheiderwald.de\/index.php?rest_route=%2Fwp%2Fv2%2Fmedia&parent=515"}],"curies":[{"name":"wp","href":"https:\/\/api.w.org\/{rel}","templated":true}]}}

<div class="wpb-content-wrapper"><p>[vc_row][vc_column]<div class="fh-section-title clearfix  text-left style-1 version-dark"><div class="container"><h2>Es gibt einen Anlass zu  <span class="main-color"> feiern?</span></h2></div></div>[vc_row_inner][vc_column_inner width=“1/3″][vc_single_image image=“465″ img_size=“large“][vc_column_text]Herzlich Willkommen auf der Seite unsere Hüttenvermietung. Hier erlangen Sie eine Übersicht über die Möglichkeiten, die Sie bei uns erwarten.</p>
<p>Sollten Sie weitere Fragen haben, stehen wir jederzeit per Email oder Telefon für Sie bereit.[/vc_column_text][/vc_column_inner][/vc_row_inner][/vc_column][/vc_row][vc_row][vc_column width=“2/3″][vc_row_inner][vc_column_inner][/vc_column_inner][/vc_row_inner]<div class="fh-section-title clearfix  text-left style-1 version-dark"><div class="container"><h2>Bis 50 Personen  <span class="main-color"> Hütte</span></h2></div></div>[vc_column_text]Unsere „Hütte“ ist eine, an eine Tiroler Almhütte angelehnte, Location, in der Sie sich zu jeder Jahreszeit wohlfühlen können. Die Hütte besteht aus einem Hauptraum mit Theke, Tischen und Stühlen und einem Anbau, in welchem man, auch im Sommer, schön die Spätabende genießen kann.</p>
<p>Für die Feiern in der kalten Jahreszeit ist ein Kaminofen verbaut, der wohlige Wärme spendet und niemanden frieren lässt.[/vc_column_text][/vc_column][vc_column width=“1/3″][vc_row_inner][vc_column_inner][/vc_column_inner][/vc_row_inner][vc_single_image image=“537″ img_size=“medium“][/vc_column][/vc_row][vc_row][vc_column width=“2/3″][vc_row_inner][vc_column_inner][/vc_column_inner][/vc_row_inner]<div class="fh-section-title clearfix  text-left style-1 version-dark"><div class="container"><h2>Bis 70 Personen  <span class="main-color"> Tenne</span></h2></div></div>[vc_column_text]Unsere Tenne ist eine mittelgroße, rustikal gehaltene, Location, in der ohne Weiteres bis zu 70 Personen Platz finden. In der Tenne finden Sie eine Theke und mehrere Sitzgelegenheiten. Angrenzend finden Sie eine Küche mit großen Kühlschrank, in welcher Sie ihre Speisen aufstellen, oder selbst Köstlichkeiten zubereiten können.</p>
<p>Die Tenne ist auf zwei Etagen aufgebaut. Die Empore erklimmen Sie über eine breite Treppe.[/vc_column_text][vc_empty_space][/vc_column][vc_column width=“1/3″][vc_row_inner][vc_column_inner][/vc_column_inner][/vc_row_inner][vc_single_image image=“463″ img_size=“medium“][vc_single_image image=“464″ img_size=“medium“][/vc_column][vc_column][/vc_column][/vc_row]</p>
</div>

<p>[vc_row][vc_column][vc_row_inner][vc_column_inner width=“1/3″][vc_single_image image=“465″ img_size=“large“][vc_column_text]Herzlich Willkommen auf der Seite unsere Hüttenvermietung. Hier erlangen Sie&hellip;</p>
