{"id":117,"date":"2017-06-12T08:32:55","date_gmt":"2017-06-12T08:32:55","guid":{"rendered":"http:\/\/demo2.steelthemes.com\/gardenhub\/?page_id=117"},"modified":"2017-09-13T23:32:10","modified_gmt":"2017-09-13T21:32:10","slug":"faqs","status":"publish","type":"page","link":"https:\/\/www.scheiderwald.de\/?page_id=117","title":{"rendered":"Sie Fragen &#8211; Wir Antworten!"},"content":{"rendered":"<div class=\"wpb-content-wrapper\"><p>[vc_row css=\u201c.vc_custom_1495617350375{padding-top: 80px !important;padding-bottom: 80px !important;}\u201c][vc_column width=\u201c1\/2\u2033 css=\u201c.vc_custom_1495614967466{margin-right: 15px !important;border-top-width: 1px !important;border-right-width: 1px !important;border-bottom-width: 1px !important;border-left-width: 1px !important;padding-top: 35px !important;padding-right: 30px !important;padding-bottom: 20px !important;padding-left: 30px !important;border-left-color: #ececec !important;border-left-style: solid !important;border-right-color: #ececec !important;border-right-style: solid !important;border-top-color: #ececec !important;border-top-style: solid !important;border-bottom-color: #ececec !important;border-bottom-style: solid !important;}\u201c]<div class=\"fh-section-title clearfix  text-left style-2 version-dark\"><div class=\"container\"><h2>Fragen  <span class=\"main-color\"> Weihnachtsb\u00e4umen<\/span><\/h2><\/div><\/div>[vc_tta_accordion gap=\u201c10\u2033 c_icon=\u201c\u201c active_section=\u201c1\u2033 css=\u201c.vc_custom_1495613484158{margin-top: 40px !important;}\u201c el_class=\u201cgh-accordion style-1\u2033][vc_tta_section i_position=\u201cright\u201c i_icon_fontawesome=\u201cfa fa-plus\u201c add_icon=\u201ctrue\u201c title=\u201cWie lange h\u00e4lt sich ein Weihnachtsbaum?\u201c tab_id=\u201c1495612464229-d490466f-7395\u2033][vc_column_text]Diese Frage ist nicht pauschal zu beantworten. Bei der Haltbarkeit der B\u00e4ume spielen viele Faktoren, wie Lagerung, Bew\u00e4sserung und das generelle Klima eine Rolle.<\/p>\n<p>Generell ist es ratsam den Baum nach dem Kauf f\u00fcr ein paar Tage im Keller oder der Garage zu lagern, damit er sich akklimatisieren kann. Danach kann der Baum bedenkenlos im Zimmer aufgestellt werden und sollte sich ohne Weiteres 3-4 Wochen halten.[\/vc_column_text][\/vc_tta_section][vc_tta_section i_position=\u201cright\u201c i_icon_fontawesome=\u201cfa fa-plus\u201c add_icon=\u201ctrue\u201c title=\u201cWelche Arten von Weihnachtsb\u00e4umen gibt es zu kaufen?\u201c tab_id=\u201c1495612464251-408aa9cd-1418\u2033][vc_column_text]Unsere meistverkaufte Weihnachtsbaumart ist die Nordmanntanne. Sie l\u00e4sst sich hervorragend in unseren Breitengraden anbauen und besticht durch das sch\u00f6ne, dunkle gr\u00fcn seiner Nadeln. Die Nadeln sind angenehm weich und eignen sich damit hervorragend f\u00fcr Haushalte in denen Kinder um den Weihnachtsbaum toben. Die Nordmanntanne riecht dezent und angenehm.<\/p>\n<p>Weiterhin f\u00fchren wir noch Nobilistannen, welche landsl\u00e4ufig auch als Edeltanne bekannt sind. Diese Art der Tanne hat lange hell bis mittelgr\u00fcne Nadeln und besticht durch sein intensives Tannenaroma.[\/vc_column_text][\/vc_tta_section][vc_tta_section i_icon_fontawesome=\u201cfa fa-plus\u201c add_icon=\u201ctrue\u201c title=\u201cBrauche ich Ausr\u00fcstung, um B\u00e4ume selber zu schlangen?\u201c tab_id=\u201c1497434355350-46dd7b6b-1443\u2033][vc_column_text]Generell k\u00f6nnen wir diese Frage verneinen. Alles, was Sie f\u00fcr einen sch\u00f6nen und abenteuerreichen Aufenthalt bei uns brauchen sind, je nach Witterung, angemessene Kleidung und gute Laune.<\/p>\n<p>S\u00e4gen, Seile und weitere Ausr\u00fcstung, die zum Schlagen des Baumes von N\u00f6ten sind, erhalten Sie auf Nachfrage von einem unserer Verk\u00e4ufer.[\/vc_column_text][\/vc_tta_section][\/vc_tta_accordion][\/vc_column][vc_column width=\u201c1\/2\u2033 css=\u201c.vc_custom_1495614974956{margin-left: 15px !important;border-top-width: 1px !important;border-right-width: 1px !important;border-bottom-width: 1px !important;border-left-width: 1px !important;padding-top: 35px !important;padding-right: 30px !important;padding-bottom: 20px !important;padding-left: 30px !important;border-left-color: #ececec !important;border-left-style: solid !important;border-right-color: #ececec !important;border-right-style: solid !important;border-top-color: #ececec !important;border-top-style: solid !important;border-bottom-color: #ececec !important;border-bottom-style: solid !important;}\u201c]<div class=\"fh-section-title clearfix  text-left style-2 version-dark\"><div class=\"container\"><h2>Fragen zur  <span class=\"main-color\"> H\u00fcttenvermietung<\/span><\/h2><\/div><\/div>[vc_tta_accordion gap=\u201c10\u2033 c_icon=\u201c\u201c active_section=\u201c1\u2033 css=\u201c.vc_custom_1505338272569{margin-top: 40px !important;}\u201c el_class=\u201cgh-accordion style-1\u2033][vc_tta_section i_position=\u201cright\u201c i_icon_fontawesome=\u201cfa fa-plus\u201c add_icon=\u201ctrue\u201c title=\u201cWas bieten wir?\u201c tab_id=\u201c1495612827140-2213c4cf-9b29\u2033][vc_column_text]Sie haben die M\u00f6glichkeit bei Uns, je nach Gr\u00f6\u00dfe der geplanten Feierlichkeit, eine, oder mehrere, von drei Locations zu mieten.<\/p>\n<p>Bei ihrer Ankuft sind die Locations gereinigt, d.h. Sie k\u00f6nnen direkt damit beginnen, die Locations nach ihren Vorstellungen zu dekorieren.<\/p>\n<p>Auf dem Hof befinden sich beheizte Sanit\u00e4ranlagen, die auch f\u00fcr gr\u00f6\u00dfere Feiern ausreichend sind.<\/p>\n<p>[\/vc_column_text][\/vc_tta_section][vc_tta_section i_icon_fontawesome=\u201cfa fa-plus\u201c add_icon=\u201ctrue\u201c title=\u201cK\u00f6nnen wir Servicepersonal stellen?\u201c tab_id=\u201c1495612827207-1b55b90a-2cb8\u2033][vc_column_text]Diese Anfrage m\u00fcssen wir leider Verneinen. Wir sind aber gerne bereit Kontakt zu Vermittlern herzustellen.[\/vc_column_text][\/vc_tta_section][\/vc_tta_accordion][\/vc_column][\/vc_row]<\/p>\n<\/div>","protected":false},"excerpt":{"rendered":"<p>[vc_row css=\u201c.vc_custom_1495617350375{padding-top: 80px !important;padding-bottom: 80px !important;}\u201c][vc_column width=\u201c1\/2\u2033 css=\u201c.vc_custom_1495614967466{margin-right: 15px !important;border-top-width: 1px !important;border-right-width: 1px&hellip;<\/p>\n","protected":false},"author":1,"featured_media":0,"parent":0,"menu_order":0,"comment_status":"closed","ping_status":"closed","template":"template-fullwidth.php","meta":{"footnotes":""},"class_list":["post-117","page","type-page","status-publish","hentry","no-thumb"],"_links":{"self":[{"href":"https:\/\/www.scheiderwald.de\/index.php?rest_route=\/wp\/v2\/pages\/117","targetHints":{"allow":["GET"]}}],"collection":[{"href":"https:\/\/www.scheiderwald.de\/index.php?rest_route=\/wp\/v2\/pages"}],"about":[{"href":"https:\/\/www.scheiderwald.de\/index.php?rest_route=\/wp\/v2\/types\/page"}],"author":[{"embeddable":true,"href":"https:\/\/www.scheiderwald.de\/index.php?rest_route=\/wp\/v2\/users\/1"}],"replies":[{"embeddable":true,"href":"https:\/\/www.scheiderwald.de\/index.php?rest_route=%2Fwp%2Fv2%2Fcomments&post=117"}],"version-history":[{"count":7,"href":"https:\/\/www.scheiderwald.de\/index.php?rest_route=\/wp\/v2\/pages\/117\/revisions"}],"predecessor-version":[{"id":514,"href":"https:\/\/www.scheiderwald.de\/index.php?rest_route=\/wp\/v2\/pages\/117\/revisions\/514"}],"wp:attachment":[{"href":"https:\/\/www.scheiderwald.de\/index.php?rest_route=%2Fwp%2Fv2%2Fmedia&parent=117"}],"curies":[{"name":"wp","href":"https:\/\/api.w.org\/{rel}","templated":true}]}}

<div class="wpb-content-wrapper"><p>[vc_row css=“.vc_custom_1495617350375{padding-top: 80px !important;padding-bottom: 80px !important;}“][vc_column width=“1/2″ css=“.vc_custom_1495614967466{margin-right: 15px !important;border-top-width: 1px !important;border-right-width: 1px !important;border-bottom-width: 1px !important;border-left-width: 1px !important;padding-top: 35px !important;padding-right: 30px !important;padding-bottom: 20px !important;padding-left: 30px !important;border-left-color: #ececec !important;border-left-style: solid !important;border-right-color: #ececec !important;border-right-style: solid !important;border-top-color: #ececec !important;border-top-style: solid !important;border-bottom-color: #ececec !important;border-bottom-style: solid !important;}“]<div class="fh-section-title clearfix  text-left style-2 version-dark"><div class="container"><h2>Fragen  <span class="main-color"> Weihnachtsbäumen</span></h2></div></div>[vc_tta_accordion gap=“10″ c_icon=““ active_section=“1″ css=“.vc_custom_1495613484158{margin-top: 40px !important;}“ el_class=“gh-accordion style-1″][vc_tta_section i_position=“right“ i_icon_fontawesome=“fa fa-plus“ add_icon=“true“ title=“Wie lange hält sich ein Weihnachtsbaum?“ tab_id=“1495612464229-d490466f-7395″][vc_column_text]Diese Frage ist nicht pauschal zu beantworten. Bei der Haltbarkeit der Bäume spielen viele Faktoren, wie Lagerung, Bewässerung und das generelle Klima eine Rolle.</p>
<p>Generell ist es ratsam den Baum nach dem Kauf für ein paar Tage im Keller oder der Garage zu lagern, damit er sich akklimatisieren kann. Danach kann der Baum bedenkenlos im Zimmer aufgestellt werden und sollte sich ohne Weiteres 3-4 Wochen halten.[/vc_column_text][/vc_tta_section][vc_tta_section i_position=“right“ i_icon_fontawesome=“fa fa-plus“ add_icon=“true“ title=“Welche Arten von Weihnachtsbäumen gibt es zu kaufen?“ tab_id=“1495612464251-408aa9cd-1418″][vc_column_text]Unsere meistverkaufte Weihnachtsbaumart ist die Nordmanntanne. Sie lässt sich hervorragend in unseren Breitengraden anbauen und besticht durch das schöne, dunkle grün seiner Nadeln. Die Nadeln sind angenehm weich und eignen sich damit hervorragend für Haushalte in denen Kinder um den Weihnachtsbaum toben. Die Nordmanntanne riecht dezent und angenehm.</p>
<p>Weiterhin führen wir noch Nobilistannen, welche landsläufig auch als Edeltanne bekannt sind. Diese Art der Tanne hat lange hell bis mittelgrüne Nadeln und besticht durch sein intensives Tannenaroma.[/vc_column_text][/vc_tta_section][vc_tta_section i_icon_fontawesome=“fa fa-plus“ add_icon=“true“ title=“Brauche ich Ausrüstung, um Bäume selber zu schlangen?“ tab_id=“1497434355350-46dd7b6b-1443″][vc_column_text]Generell können wir diese Frage verneinen. Alles, was Sie für einen schönen und abenteuerreichen Aufenthalt bei uns brauchen sind, je nach Witterung, angemessene Kleidung und gute Laune.</p>
<p>Sägen, Seile und weitere Ausrüstung, die zum Schlagen des Baumes von Nöten sind, erhalten Sie auf Nachfrage von einem unserer Verkäufer.[/vc_column_text][/vc_tta_section][/vc_tta_accordion][/vc_column][vc_column width=“1/2″ css=“.vc_custom_1495614974956{margin-left: 15px !important;border-top-width: 1px !important;border-right-width: 1px !important;border-bottom-width: 1px !important;border-left-width: 1px !important;padding-top: 35px !important;padding-right: 30px !important;padding-bottom: 20px !important;padding-left: 30px !important;border-left-color: #ececec !important;border-left-style: solid !important;border-right-color: #ececec !important;border-right-style: solid !important;border-top-color: #ececec !important;border-top-style: solid !important;border-bottom-color: #ececec !important;border-bottom-style: solid !important;}“]<div class="fh-section-title clearfix  text-left style-2 version-dark"><div class="container"><h2>Fragen zur  <span class="main-color"> Hüttenvermietung</span></h2></div></div>[vc_tta_accordion gap=“10″ c_icon=““ active_section=“1″ css=“.vc_custom_1505338272569{margin-top: 40px !important;}“ el_class=“gh-accordion style-1″][vc_tta_section i_position=“right“ i_icon_fontawesome=“fa fa-plus“ add_icon=“true“ title=“Was bieten wir?“ tab_id=“1495612827140-2213c4cf-9b29″][vc_column_text]Sie haben die Möglichkeit bei Uns, je nach Größe der geplanten Feierlichkeit, eine, oder mehrere, von drei Locations zu mieten.</p>
<p>Bei ihrer Ankuft sind die Locations gereinigt, d.h. Sie können direkt damit beginnen, die Locations nach ihren Vorstellungen zu dekorieren.</p>
<p>Auf dem Hof befinden sich beheizte Sanitäranlagen, die auch für größere Feiern ausreichend sind.</p>
<p>[/vc_column_text][/vc_tta_section][vc_tta_section i_icon_fontawesome=“fa fa-plus“ add_icon=“true“ title=“Können wir Servicepersonal stellen?“ tab_id=“1495612827207-1b55b90a-2cb8″][vc_column_text]Diese Anfrage müssen wir leider Verneinen. Wir sind aber gerne bereit Kontakt zu Vermittlern herzustellen.[/vc_column_text][/vc_tta_section][/vc_tta_accordion][/vc_column][/vc_row]</p>
</div>
